344 (base 9) to base 15.
7b1
Convert 399 (base 12) to base 8.
1045
10101001101110 (base 2) to base 4
2221232
Convert 44 (base 6) to base 13.
22
What is -35246 (base 7) in base 8?
-21532
What is -1400 (base 5) in base 4?
-3201
What is -2250 (base 10) in base 11?
-1766
Convert -20 (base 12) to base 13.
-1b
What is -14403 (base 6) in base 11?
-1808
Convert 17176 (base 9) to base 2.
10111000100110
What is -1240 (base 6) in base 3?
-102120
Convert -103223 (base 4) to base 15.
-58e
What is 2021010 (base 3) in base 4?
121302
Convert -74 (base 11) to base 6.
-213
30e (base 15) to base 7
2003
Convert 2706 (base 14) to base 13.
3182
Convert -110000011010000 (base 2) to base 14.
-9064
What is 182 (base 15) in base 10?
347
a56 (base 11) to base 6
5515
Convert 53302 (base 6) to base 8.
16106
-3004 (base 5) to base 10
-379
What is 117275 (base 8) in base 4?
21322331
1311223 (base 4) to base 8
16553
6166 (base 7) to base 15
98a
Convert -304431 (base 5) to base 6.
-114131
Convert -143 (base 14) to base 8.
-377
What is -30100031 (base 4) in base 10?
-50189
3419 (base 10) to base 4
311123
What is -2460 (base 9) in base 6?
-12300
-73020 (base 8) to base 3
-1112110102
Convert 1726 (base 8) to base 4.
33112
What is -22311 (base 6) in base 9?
-4267
1245 (base 7) to base 15
219
-31c (base 13) to base 16
-214
What is 5039 (base 11) in base 9?
10161
23444 (base 6) to base 7
12643
What is -1e01 (base 16) in base 13?
-365b
-3744a (base 11) to base 10
-53778
Convert -6118 (base 11) to base 8.
-17676
4fce (base 16) to base 8
47716
Convert -21c (base 15) to base 5.
-3402
Convert 10111111011101 (base 2) to base 11.
922a
-14012 (base 5) to base 16
-46c
What is 200222 (base 3) in base 9?
628
-331 (base 8) to base 10
-217
Convert 200100 (base 4) to base 2.
100000010000
What is -61a2 (base 12) in base 16?
-298a
-24bb (base 12) to base 11
-3156
Convert -57155 (base 9) to base 10.
-38039
What is -17099 (base 14) in base 12?
-29513
-519 (base 10) to base 16
-207
Convert -187 (base 9) to base 7.
-316
-84c (base 14) to base 8
-3144
What is 664 (base 8) in base 3?
121011
Convert -100111111 (base 2) to base 10.
-319
134724 (base 8) to base 12
23644
What is -14702 (base 8) in base 2?
-1100111000010
-101113 (base 4) to base 9
-1464
What is -15260 (base 7) in base 8?
-10240
What is -162164 (base 7) in base 10?
-31994
-22332 (base 5) to base 8
-3070
What is -2012121 (base 3) in base 6?
-11241
Convert 122102 (base 4) to base 6.
11442
What is 1210022 (base 4) in base 3?
22210102
1cc61 (base 13) to base 9
86208
What is 38717 (base 9) in base 15?
7aed
Convert -112002 (base 3) to base 2.
-101111100
Convert 1210310 (base 4) to base 9.
8758
Convert -2699 (base 10) to base 6.
-20255
Convert -167b (base 14) to base 13.
-1aac
Convert 115b5 (base 14) to base 16.
a53b
Convert 6757 (base 13) to base 16.
3865
What is -392 (base 11) in base 15?
-20e
What is -822 (base 14) in base 15?
-718
What is 171 (base 16) in base 15?
199
Convert 8001 (base 9) to base 13.
2869
2a4 (base 11) to base 6
1352
-6935 (base 16) to base 4
-12210311
What is -1021211212 (base 3) in base 10?
-25403
Convert -a99 (base 11) to base 2.
-10100100110
1b41 (base 13) to base 4
1000031
Convert -1a94 (base 11) to base 4.
-221110
Convert -1659 (base 16) to base 13.
-27b1
-231223 (base 7) to base 3
-2002121201
-280 (base 15) to base 13
-34b
Convert 368 (base 10) to base 15.
198
1123031 (base 4) to base 16
16cd
What is 3011321 (base 4) in base 2?
11000101111001
-440 (base 11) to base 15
-253
Convert -11011001110101 (base 2) to base 3.
-201010100
82 (base 13) to base 9
127
Convert -145042 (base 6) to base 15.
-427b
What is 2280 (base 9) in base 14?
88c
What is 3432 (base 5) in base 12?
350
Convert -24424 (base 6) to base 15.
-1111
Convert 40241 (base 7) to base 4.
2120003
Convert 627 (base 11) to base 3.
1000222
Convert 445 (base 14) to base 8.
1515
What is 61a1 (base 12) in base 8?
24611
Convert -4302 (base 7) to base 11.
-1163
What is -37344 (base 8) in base 12?
-9398
Convert 164575 (base 8) to base 12.
2a711
124330 (base 5) to base 8
11545
Convert c83 (base 13) to base 7.
6140
-19b62 (base 13) to base 15
-ed68
What is -553251 (base 6) in base 8?
-132037
Convert -2652 (base 14) to base 2.
-1101001010000
-132 (base 9) to base 15
-75
Convert 321130 (base 4) to base 10.
3676
Convert -8672 (base 14) to base 15.
-6d38
-1002102 (base 3) to base 11
-662
-301121 (base 5) to base 9
-14065
646 (base 9) to base 13
318
-1110010110000101 (base 2) to base 4
-32112011
What is 6c8 (base 13) in base 4?
102122
What is 1c51 (base 16) in base 6?
53321
-317 (base 9) to base 2
-100000011
What is 16544 (base 8) in base 9?
11280
1402 (base 5) to base 13
146
3567 (base 11) to base 10
4671
Convert 10229 (base 12) to base 5.
1133212
183 (base 16) to base 5
3022
37334 (base 10) to base 4
21013112
Convert 31413 (base 5) to base 16.
83c
2602 (base 7) to base 8
1726
What is 11000001001 (base 2) in base 14?
7c5
What is -88e (base 15) in base 9?
-2578
What is 2954 (base 16) in base 9?
15455
-77a (base 13) to base 3
-1202120
Convert 2e83 (base 15) to base 12.
5973
122020 (base 3) to base 15
210
What is -141324 (base 5) in base 6?
-43011
343320 (base 7) to base 14
18447
Convert c07 (base 14) to base 8.
4467
-5766 (base 12) to base 10
-9726
What is -334 (base 5) in base 16?
-5e
-1ec (base 16) to base 4
-13230
Convert -222012 (base 3) to base 15.
-322
Convert -2121112 (base 3) to base 15.
-86e
What is -110 (base 2) in base 11?
-6
What is -1110 (base 7) in base 11?
-333
What is -1001101000 (base 2) in base 10?
-616
What is -14002 (base 5) in base 9?
-1482
-1010000110010 (base 2) to base 4
-1100302
3120 (base 5) to base 12
2a2
Convert -3139 (base 10) to base 14.
-1203
Convert -754 (base 11) to base 7.
-2433
What is 2049 (base 12) in base 2?
110110111001
11946 (base 12) to base 11
1698a
What is -ba8 (base 12) in base 4?
-122300
-1110120 (base 3) to base 8
-2054
-234430 (base 6) to base 3
-1001002000
-f594 (base 16) to base 5
-4002433
47bc (base 13) to base 6
114514
Convert 330 (base 9) to base 3.
101000
-1319 (base 12) to base 13
-cba
What is 331 (base 11) in base 3?
112201
-2160 (base 7) to base 14
-3d7
Convert -24176 (base 9) to base 11.
-11187
311 (base 13) to base 8
1011
What is -837 (base 14) in base 5?
-22432
-331 (base 4) to base 7
-115
Convert 40216 (base 8) to base 10.
16526
-2eaa (base 15) to base 14
-3948
What is -3040 (base 5) in base 3?
-112122
What is -1a641 (base 13) in base 4?
-30212032
-133102 (base 4) to base 8
-3722
Convert 100110000010 (base 2) to base 16.
982
-3c3 (base 14) to base 6
-3303
3013222 (base 4) to base 13
5a7c
Convert 3221312 (base 4) to base 7.
61430
Convert 873 (base 11) to base 15.
49d
-1266 (base 14) to base 2
-110010011010
Convert -2433004 (base 5) to base 3.
-2100002212
What is -12021 (base 3) in base 2?
-10001110
-605 (base 10) to base 6
-2445
What is -6161 (base 7) in base 5?
-32100
Convert -17176 (base 8) to base 5.
-222211
-21322 (base 5) to base 9
-2004
4211 (base 8) to base 7
6241
What is 2eb8 (base 15) in base 3?
111211002
Convert -4976 (base 16) to base 10.
-18806
13 (base 14) to base 10
17
What is 18a4 (base 14) in base 13?
204a
Convert 430430 (base 5) to base 9.
21780
Convert -110010110 (base 2) to base 7.
-1120
Convert 24000 (base 7) to base 14.
2370
-22213 (base 4) to base 16
-2a7
What is 102001 (base 5) in base 10?
3376
-1321 (base 6) to base 15
-177
What is -5a53 (base 12) in base 8?
-23637
Convert -a4 (base 16) to base 2.
-10100100
-80 (base 12) to base 11
-88
What is -d2c2 (base 14) in base 16?
-8d8a
121 (base 13) to base 10
196
-26bb (base 16) to base 15
-2e10
Convert 21211212 (base 3) to base 2.
1011001011000
-17 (base 10) to base 6
-25
Convert 55a (base 12) to base 11.
659
What is -21344 (base 12) in base 16?
-aaa4
Convert -54515 (base 7) to base 10.
-13634
What is -11111100101000 (base 2) in base 4?
-3330220
What is -31122120 (base 4) in base 8?
-153230
Convert -25375 (base 11) to base 16.
-8e1e
41456 (base 8) to base 4
10030232
Convert 7274 (base 8) to base 4.
322330
What is 3733 (base 13) in base 7?
31534
-22313 (base 6) to base 2
-110001000101
What is -2a7 (base 11) in base 16?
-167
What is -1004 (base 8) in base 5?
-4031
Convert -155401 (base 6) to base 10.
-15481
Convert -211001 (base 5) to base 3.
-100121022
